{"id":800,"date":"2021-04-20T11:10:06","date_gmt":"2021-04-20T14:10:06","guid":{"rendered":"https:\/\/astrologialuzesombra.com.br\/comunidade-astral\/?page_id=800"},"modified":"2022-12-30T16:09:43","modified_gmt":"2022-12-30T19:09:43","slug":"transitos-gratis","status":"publish","type":"page","link":"https:\/\/astrologialuzesombra.com.br\/comunidade-astral\/transitos-gratis\/","title":{"rendered":"Tr\u00e2nsitos Astrol\u00f3gicos Gratuito"},"content":{"rendered":"\n<h2 class=\"wp-block-heading\">Consulte Gr\u00e1tis Seus Tr\u00e2nsitos Astrol\u00f3gicos<\/h2>\n\n\n\n<p>A se\u00e7\u00e3o de Tr\u00e2nsitos da Comunidade Astral Claudia Lisboa \u00e9 uma ferramenta tanto para quem busca autoconhecimento quanto para quem deseja aprender mais sobre Astrologia.<\/p>\n\n\n\n<p>Cadastre-se agora e saiba quais tr\u00e2nsitos est\u00e3o ativos para voc\u00ea neste momento.<\/p>\n","protected":false},"excerpt":{"rendered":"<p>Consulte Gr\u00e1tis Seus Tr\u00e2nsitos Astrol\u00f3gicos A se\u00e7\u00e3o de Tr\u00e2nsitos da &hellip; <a href=\"https:\/\/astrologialuzesombra.com.br\/comunidade-astral\/transitos-gratis\/\">Continued<\/a><\/p>\n","protected":false},"author":1,"featured_media":0,"parent":0,"menu_order":0,"comment_status":"closed","ping_status":"closed","template":"views\/template-create-user-trial.blade.php","meta":{"pmpro_default_level":"","footnotes":""},"class_list":["post-800","page","type-page","status-publish","hentry","pmpro-has-access"],"acf":[],"_links":{"self":[{"href":"https:\/\/astrologialuzesombra.com.br\/comunidade-astral\/wp-json\/wp\/v2\/pages\/800","targetHints":{"allow":["GET"]}}],"collection":[{"href":"https:\/\/astrologialuzesombra.com.br\/comunidade-astral\/wp-json\/wp\/v2\/pages"}],"about":[{"href":"https:\/\/astrologialuzesombra.com.br\/comunidade-astral\/wp-json\/wp\/v2\/types\/page"}],"author":[{"embeddable":true,"href":"https:\/\/astrologialuzesombra.com.br\/comunidade-astral\/wp-json\/wp\/v2\/users\/1"}],"replies":[{"embeddable":true,"href":"https:\/\/astrologialuzesombra.com.br\/comunidade-astral\/wp-json\/wp\/v2\/comments?post=800"}],"version-history":[{"count":2,"href":"https:\/\/astrologialuzesombra.com.br\/comunidade-astral\/wp-json\/wp\/v2\/pages\/800\/revisions"}],"predecessor-version":[{"id":803,"href":"https:\/\/astrologialuzesombra.com.br\/comunidade-astral\/wp-json\/wp\/v2\/pages\/800\/revisions\/803"}],"wp:attachment":[{"href":"https:\/\/astrologialuzesombra.com.br\/comunidade-astral\/wp-json\/wp\/v2\/media?parent=800"}],"curies":[{"name":"wp","href":"https:\/\/api.w.org\/{rel}","templated":true}]}}